*v - 3 - 5, 27 = 3*v - 3*b. Suppose v = x - 1. What is the units digit of x?
5
Let z(y) = 3*y**2 - 4*y - 8. Let l be z(-8). Suppose 7*q + l - 615 = 0. What is the units digit of q?
7
Let q(s) = s**3 + 5*s**2 + 4*s - 1. Let y be q(-3). Suppose -a + u + y = 0, 3*a = -4*u + 2*u + 25. What is the tens digit of 1 + a/(14/36)?
1
Let k = 2713 - 601. What is the hundreds digit of k?
1
Let h = 22 + -22. Suppose -3*z = -h*g - 4*g + 229, 4*g - 227 = 5*z. What is the tens digit of g?
5
Let b = -174 - -251. Suppose -3*a = -1 - b. What is the units digit of a?
6
Suppose q + 43 = -3*g, 2*q = -g + 3 - 9. What is the tens digit of (25/(-2))/((-2)/g*-2)?
5
Suppose -4 = -9*s + 8*s. Suppose -484 = -4*a + 4*k, 0 = -a + 4*a + s*k - 377. What is the hundreds digit of a?
1
Let o(c) = -c**3 - 15*c**2 + 3*c - 8. Let l be o(-15). Let r = l + 108. What is the tens digit of r?
5
Suppose 2*t + 7 = -5*s + 32, 3*t = -5*s + 25. Suppose 5*b - 5*o - 160 = t, -5*o = -5*b - o + 158. What is the tens digit of b?
3
Let z(t) = -9*t + 19. Let g be z(-4). Let d = 33 + g. What is the units digit of d?
8
Suppose -103*s + 98*s + 2515 = 0. What is the tens digit of s?
0
Let n(c) = 46*c - 467. What is the tens digit of n(59)?
4
Let y = -9197 + 13041. What is the tens digit of y?
4
Let v = 2193 - 53. What is the units digit of v?
0
Let d(h) = h**2 + h. Let o be d(-1). Suppose -x = -o*x - 28. What is the tens digit of x?
2
What is the units digit of (-6)/(-14) - (-2310)/98?
4
Let y be (-20)/(-11) + 4/22. Suppose -y*m = -4*n - 96, -5*m + n + 4*n + 245 = 0. What is the units digit of m?
0
Suppose 4*u = 2*y + 880, 3*u - 1110 = -2*u + 5*y. What is the hundreds digit of u?
2
Let c = 175 + -115. Let z = c + -24. Suppose 0 = 5*w - z - 24. What is the tens digit of w?
1
Suppose 0 = w - 2*l - 1931, -3158 + 10822 = 4*w + 4*l. What is the hundreds digit of w?
9
Let y(p) = 3*p + 55. Let s be y(-16). Suppose 4*r = s*r - 153. What is the units digit of r?
1
Let d(o) = -o**2 + 7*o + 1. Let y be d(7). Suppose 0 = 4*a - 12*a - 8. What is the tens digit of (a - -5)*(7 + y)?
3
Let b(y) = y**3 + 26*y**2 + 30*y - 105. What is the hundreds digit of b(-24)?
3
Suppose 2*s + 3*s - 25 = 0. Suppose s*b - 3*j - 1 = 0, 7*b + 2*j = 2*b + 16. What is the units digit of b/8 + 930/24?
9
Suppose q - 3 = -5*v + 29, -4*v + 34 = 5*q. Let j be ((-20)/6)/(2/24). What is the units digit of (40/v)/(j/(-180))?
0
Let d be (-22)/(-8) + 2/8. Let i be 3 + -1 - (12/(-4) - -1). What is the tens digit of d + 16 + -3 + i?
2
Let f = 42 - 9. Suppose c = 4*c - f. What is the tens digit of c?
1
Let u(i) = -i + 7. Let m be u(8). What is the units digit of 2/4*1/m*-2?
1
Let k(c) = -2*c - 10. Suppose 0 = -o + 3*l + 10, -3*l = -o - 5*l. Suppose 3*n = -o*v - 27 - 5, 5*n = 3*v + 24. What is the units digit of k(v)?
6
What is the units digit of 1/11*2 - 76752/(-396)?
4
Let p = -18 - -21. Let k(f) = -4 + p + 23*f + 1. What is the tens digit of k(1)?
2
Let w be (-2508)/(-78) - 4/26. Let p = -24 + w. What is the units digit of p?
8
Let b = 55 - 41. What is the units digit of 2/b + 4086/63?
5
Let q be (-7)/42 - (-19)/6. What is the tens digit of ((q - -6) + -4)*7?
3
Let y(l) = -l - 4. Let w be y(2). Let x be -82*2*3/w. Suppose 5*p + 2*i = 199, -2*i = 4*p - 78 - x. What is the tens digit of p?
3
Let t be 492/(-42) - (-2)/(-7). Let k = t + 23. What is the units digit of k - 3*2/6?
0
Let r be (0 + 6)*(2 - -11). What is the units digit of 1/(-1) + r/6?
2
Suppose 2*j = -w - w - 14, 5*j + 15 = 0. What is the units digit of -274*w/(12 - 4)*1?
7
Suppose -7*l - 18 = -2*d - 2*l, -2*d - 5*l - 2 = 0. Suppose -r = 3*r + d. What is the units digit of 3 + r/1 + -1?
1
What is the hundreds digit of (-517)/(1 + 12/(-6))?
5
Suppose 0 = -5*n - 5*j + 1345, -2*n - j = 2*j - 542. Suppose -n = -7*x - 90. What is the units digit of x?
5
Suppose n = -3*b + 10, -3*n + b + 0*b - 10 = 0. What is the tens digit of (31/(-4))/(2*n/48)?
9
Let u be 2/((-52)/44 + 1). Let s(p) = p**3 + 12*p**2 + 11*p - 6. Let k be s(u). Let g = -2 - k. What is the units digit of g?
4
Let l = 662 - 143. Suppose -6*m + l = -3*m. What is the hundreds digit of m?
1
Suppose 6 = 2*k, 0 = x + 3*k - 8*k - 441. What is the hundreds digit of x?
4
What is the hundreds digit of 21150/17 + (-3)/((-357)/(-14))?
2
Let i(o) = o**3 - 3*o**2 - o - 15. Let c be i(4). What is the tens digit of (-4 - -184) + 3 + (-4 - c)?
8
Let g = -165 + 108. Let m = -29 - g. What is the tens digit of m?
2
Suppose -122 = -j + 108. What is the tens digit of j?
3
Suppose 3*z - 4*x = 5*z - 16, x - 14 = -3*z. Suppose 6*b - 5*r - 107 = 5*b, -b - z*r = -107. What is the units digit of b?
7
Let c = 31 - 29. Suppose c*x + 2*x = 2*o - 6, -3*o + 16 = x. Suppose 3*r - 174 = -o*z, 3*r = -2*z - z + 168. What is the tens digit of r?
5
Let z(w) be the third derivative of -w**4 + 2*w**3/3 + 6*w**2. What is the hundreds digit of z(-5)?
1
Let y = -84 - -165. Suppose -3*c - 6 = -5*c. Suppose 0 = -f + 4*h + 37, -c*f + h + y = -h. What is the tens digit of f?
2
Suppose -2*h + 228 = 6*v - 3*v, 4*v - 448 = -4*h. Let c = h + -75. Suppose 8 = -5*u + c. What is the units digit of u?
5
Suppose r + 3*u - 1157 = 0, 5*u + 3003 = -4*r + 7666. What is the thousands digit of r?
1
Suppose -4*u - 5*h = -4*h - 22, 2*u - 8 = -2*h. Let j(l) = 15*l - 7. What is the tens digit of j(u)?
8
Suppose -f + 5 = 4*f. Let u = 128 - 125. Suppose -x = -v - u, -v = -x + v - f. What is the units digit of x?
7
Suppose m + 238 = f, f - 2*m - 49 - 194 = 0. Suppose 0 = 3*x - 3 - 0, -5*x + f = 4*b. What is the tens digit of b?
5
Let n = -142 - -46. What is the units digit of (-8)/((-1 - 0)*(-16)/n)?
8
Let k be -16 - (-1)/((-1)/(-3)). Let v be 2/k + 223/13. Let s = 32 - v. What is the tens digit of s?
1
Suppose 2*w - 5*r + 24 = -2*w, 0 = 2*r - 8. What is the tens digit of w/(-2) - 178/(-4)?
4
Let a(t) = 177*t**2 - 15*t - 7. What is the units digit of a(-5)?
3
Let m be -2*(0 - (-20)/(-8)). Suppose 4*f = n + 8, 5*f - 32 = -m*n + 3. Suppose 0 = -4*d + n*l + 21 - 5, 5*l = -d + 4. What is the units digit of d?
4
Let p(i) = i. Let w = -5 - -8. Let x be p(w). Suppose 0 = 5*t - 3*y - 58, -y - x = 4*t - 46. What is the units digit of t?
1
Let k be (-3 - 7/(-2))*20. Let l be k/15*(1 + -4). Let c = l + 22. What is the units digit of c?
0
Suppose 2*n - 258 - 442 = 0. Let h(m) = -m + m**3 - n*m**2 + 350*m**2 - 1. What is the units digit of h(2)?
5
Let d(h) = -2*h**2 - 14*h - 6. Let g(t) = -t**2 - t - 1. Let m(u) = d(u) - g(u). What is the units digit of m(-8)?
5
Suppose -4*c + 0*k - k = -4, 5*k = 3*c - 26. Let w(d) = 17*d - 1. Let b be w(3). Suppose l = c*l - b. What is the units digit of l?
0
Suppose -3*s + 71 = 4*j - 0*j, -23 = -j + s. Suppose j = 3*c - 5*k - 11, 2*c + 2*k - 42 = 0. What is the units digit of c?
7
Let r(d) = d**3 - 8*d**2 + 10*d + 13. Let o be r(6). Let n be (3/(-2) + 0)*-14. What is the tens digit of n/o - (3 - 2)?
2
Suppose 4*d + 22 = 2*q - q, 4*q - 5*d = 44. Let a = 66 - q. Suppose a = 4*r + 4. What is the tens digit of r?
1
Suppose 20*k + 998 = 4578. What is the tens digit of k?
7
Let r(b) = -6*b + 19 + 6*b - 4*b + 5*b. Let p be r(-7). What is the units digit of (-98)/(-8) + (-3)/p?
2
What is the thousands digit of 7/(-14) + (-7)/(42/(-6963))?
1
Let v = 111 - 91. What is the tens digit of 4/(-10) + (2948/v - 7)?
4
What is the tens digit of -11 - (-1488 - 14) - 1*4?
8
Let t = 22 + -18. Let r(g) = 5*g**3 + t*g - 2*g**3 - 3*g - 2 + 4*g. What is the units digit of r(2)?
2
Let w(t) = -16*t - 7. Let j(z) = z**2 - 12*z + 6. Let c be j(11). What is the units digit of w(c)?
3
Let z(j) = j - 2. Let k be z(2). Suppose 2*h - 191 - 33 = k. Suppose 4*g + 2*r = 29 + 67, h = 4*g - 2*r. What is the tens digit of g?
2
Let j = -4798 + 9647. What is the units digit of j?
9
Let k(j) = -j**2 - 8*j - 7. Let x be k(-7). What is the units digit of (x + 2)*(1 - 87/(-6))?
1
Let q(i) = 2*i**2 + 4*i - 13. Let g = -7 + -2. What is the units digit of q(g)?
3
Let y be (-7)/28 + 2/8. Suppose y = -3*a - 23 + 314. What is the tens digit of a?
9
Suppose 4*x = d + 1124, 3*x - 706 - 150 = 4*d. What is the tens digit of x?
8
What is the hundreds digit of (-1)/(-3) - (-4336)/24?
1
Let b(w) = -w**3 - 3*w**2 + 8*w + 55. What is the hundreds digit of b(-10)?
6
Suppose -3*i + 61 + 14 = -t, -5*i + 4*t + 125 = 0. What is the units 